 number?
True
Let s be -2 - (-4)/3 - 48/(-72). Suppose s = -5*y - 5*w + 2800, 12*w = 2*y + 7*w - 1141. Is y composite?
False
Suppose 4*w = 41*l - 37*l - 300832, -225626 = -3*l + w. Is l a prime number?
True
Is 688 + 72271 + 1/(2/(-16)) a prime number?
False
Let i be -2956 + (-11 - -5 - -4). Let o = i - -4801. Suppose -12*n + o = 7*n. Is n a prime number?
True
Let v = 10477 + 9240. Is v prime?
True
Let g = 2882 + -992. Suppose -k - r = 1202, -r + 1129 = -4*k - 3674. Let m = k + g. Is m a composite number?
True
Suppose 5*n + 53 = 58. Suppose 0 = -y + s - n, -y - 3*s + 11 = 0. Suppose y*c - 132 = -2*c. Is c a composite number?
True
Suppose i + 211 = 1649. Let s = i + -357. Is s composite?
True
Let u(t) = -70*t**3 + 4*t**2 + 2*t. Let z be u(-1). Suppose -l - 3*l = -z. Is ((-14622)/l)/((-4)/12) a prime number?
True
Suppose 0 = 10*n + 61 - 141. Suppose -50235 - 7661 = -n*a. Is a composite?
False
Let x(o) = -2748*o - 2917. Is x(-5) composite?
True
Let u(s) = 27*s**3 - 4*s**2 - 22*s - 56. Let j(z) = z**3 - z**2 - z. Let v(w) = 4*j(w) - u(w). Is v(-7) a prime number?
False
Suppose -b = l - 6, 0 = -b - 4*l - 1 + 19. Suppose -9*v + 37807 = -b*v. Is v a prime number?
False
Let h(k) = 0*k - 10*k + 7*k**3 + 2 - 3 - 4*k**2 + 22. Is h(10) a composite number?
False
Let y be -3*(-5)/(30/4). Suppose -3*o + 4*h = -6 + y, -5*h + 10 = 0. Is (-12553)/(-11) + (48/(-66))/o a composite number?
True
Suppose 3*n + 14 = 3*x + 2*n, 5*x - 4*n - 14 = 0. Suppose -x*q + 103339 = 17*q. Is q composite?
False
Let h(b) be the first derivative of 4*b**3 + 18*b - 4. Let y be h(7). Suppose -3*w + y = -2*p - 453, -5*p = 0. Is w composite?
False
Let o be (-35)/4 + (-15)/60. Let c(j) = 5364*j - 5353*j - 5*j**2 + 8 + 10*j**2. Is c(o) a prime number?
False
Let n = 114801 + 51842. Is n composite?
False
Let p(a) = 1823*a**2 + 83*a + 1583. Is p(-24) composite?
False
Suppose 0 = -22*i - 1133447 + 1242137 + 2973752. Is i a composite number?
False
Let z = 3297 + -2122. Suppose 9*j - 6*j = -6, -5*r - 2*j = 9. Is (0 + z + -1)*r/(-2) a prime number?
True
Let a be 15/((1 + 2)/(-9)). Let s = a + 39. Let v(y) = -124*y + 41. Is v(s) composite?
True
Let n(u) = u**3 - 16*u**2 - u + 23. Let y be n(16). Suppose b + 3*b + 17 = 3*r, b - 3*r - y = 0. Is 6622/42 + b/(-6) a prime number?
False
Let n be 263/2*(-240)/36*-12. Let d be (-13)/(-39) - (n/(-3) + -1). Suppose 3*y = -y + d. Is y a prime number?
True
Suppose -3*p = 2*f - 526169, -5*f - 34 + 24 = 0. Is p prime?
True
Is (-28)/14 - 7/(49/(-450121)) composite?
False
Suppose -4*a + 4*j + 404 = 0, 2*j = -2*a + 3*j + 203. Suppose -3*r = -6*r - a. Let b = 72 + r. Is b prime?
False
Suppose 91955 = -86*t + 139*t. Suppose -1232 = 4*g - 216. Let v = g + t. Is v a composite number?
False
Let q be (8 + 11611 - 4) + 9. Let t = 22263 - q. Is t composite?
False
Let j(d) = 15110*d**2 - 663*d - 2635. Is j(-4) a composite number?
True
Let x be (8169/28)/(12/544). Let g = x + 3585. Is g prime?
True
Suppose 4*z + 3902 + 4466 = 0. Let l be (-20 - -21)/(2/z). Let j = 2217 + l. Is j prime?
True
Is 5*2*(3147882/95 + (-3)/30) a prime number?
False
Let m(x) = 10*x - 7 - 11*x + 4. Let b be m(-3). Suppose b = 4*c - 9*c + 1705. Is c composite?
True
Let k be 7/(-42)*2*-1032. Suppose 5*p + 2*c - 439 = k, -5*p = 4*c - 781. Is p a prime number?
True
Let c(j) = 9*j**2 + 51*j - 70. Let w be c(-36). Let s = w - 6793. Is s a prime number?
False
Let a = 5920 - 2703. Suppose 5*t = 2*i + 240 - 2381, 3*i - 2*t - a = 0. Is i a prime number?
False
Let x = -1616 - -155709. Is x a composite number?
True
Is (-10)/155 - (-220829378)/3038 a composite number?
False
Suppose -18 = -3*m - 6*m. Suppose -53 + 43 = m*v. Let y(x) = -73*x + 14. Is y(v) composite?
False
Let z(r) = -6*r**3 + 261*r**2 + 69*r - 53. Is z(41) prime?
False
Let b be 0 + 7 - (2 + 1). Let x be (-84)/49*-7 + 1562. Suppose -r = -3*l - 692, -l - x - 1249 = -b*r. Is r prime?
False
Suppose -2*s + 0*s + 3*j = 0, s + 2*j - 14 = 0. Suppose -2*z + k + 489 = s*k, 5*z + 5*k = 1260. Is z a prime number?
True
Let f(t) = 350*t**2 + 13*t + 130. Is f(-9) prime?
False
Let u be 24/(-10)*(-4 + (-3)/(-2)). Let o be 35/10 + u/4. Suppose o*w = 14477 + 8258. Is w a prime number?
True
Suppose -178*f - 5635760 = -31516392 - 4576414. Is f a prime number?
False
Let b(q) = -4593*q + 15074. Is b(-71) a prime number?
False
Let f be 4*1/5*(-8 - (-24 - -11)). Suppose 0 = -2*h + h + 538. Is f + h/6 + 22/(-33) a prime number?
False
Suppose 0 = -4*a - 10212 - 3392. Let z = -466 - a. Is z a prime number?
False
Suppose 14*h = 6*h + 14648. Let o = h - -2709. Is 1/(((-24)/o)/(-6)) a composite number?
True
Let o = 2942 - 1473. Let k = o - -789. Is k a composite number?
True
Let i(c) = -4*c + 20. Let w be i(10). Let r be (-3)/2*w/15. Suppose 1113 = 3*o - 2*q, 0*q + 742 = r*o + 5*q. Is o composite?
True
Let g be (2 - 4*3)/(2/(-26)). Suppose g = -9*u + 22. Is 7/(-21) - 1744/u composite?
True
Suppose -4*q - 3 = -15, -5*g + 5*q = 0. Suppose g*a = a - 2*n + 602, -4*a + 1204 = -3*n. Is a composite?
True
Let p = -105778 + 186107. Is p a prime number?
True
Suppose 48*b + 1089974 - 3426326 = 0. Is b a prime number?
False
Let f = -82 + 82. Let v be 496 + (f - (-3 - -4)). Suppose -11*x + 3212 = v. Is x prime?
False
Suppose a = -3*l + 1129558, 21*l = 18*l - 5*a + 1129538. Is l a prime number?
False
Suppose -2*g = 17 + 33. Let a be (8/(-10))/((-60)/g - 2). Is (0 + 11/a)*(-17 + 7) composite?
True
Suppose -11*n = 2782 + 540. Let q = -142 - n. Let b = q - -426. Is b composite?
True
Is (-6)/(((-156)/(-194597))/(-2)) a composite number?
False
Suppose 5121 = -3*h - 9369. Let p = h - -8839. Is p prime?
False
Is 1570/(-20)*(-1200 + -4 + 0 + 6) composite?
True
Suppose 17*u - 7*u - 8*u = 1799170. Is u a composite number?
True
Let t = 6912 + 17950. Suppose x = 4*x, 2*v = -4*x - t. Is -2 + (-80)/(-45) + v/(-9) a prime number?
True
Let j(a) = a**3 - 12*a**2 - a + 6. Let w(t) = 3*t**3 - 23*t**2 - 2*t + 13. Let k be 3/(-3) + (-2 - 2). Let f(u) = k*j(u) + 3*w(u). Is f(6) a composite number?
True
Let c = -26 - -25. Let o be (3/c)/(1/(-9)). Suppose 0 = 21*b - o*b + 11346. Is b composite?
True
Let v = -46 - -46. Suppose 0 = -4*q - o - 3472, 3*q + 2617 = -v*q - 4*o. Let t = -458 - q. Is t a composite number?
False
Let t(j) be the first derivative of 37*j**2 - 39*j + 29. Is t(7) a prime number?
True
Let q(p) = -2*p + 83. Let n be q(40). Suppose -19*r - 4050 = -21*r + 4*v, 2*r - n*v = 4051. Is r composite?
False
Let f(y) = 239*y**2 - 37*y - 413. Is f(-13) prime?
True
Let t(v) = -3*v**3 + 3*v**2 + 12*v + 1. Let z(o) = -3*o**3 + o**2 + 12*o + 1. Let j(l) = 4*t(l) - 5*z(l). Is j(12) prime?
True
Suppose 0 = -30*i + 11*i + 883937. Is i composite?
False
Suppose -n - 7 = 0, 3*g - 2362*n + 2358*n = 1330495. Is g a composite number?
False
Let k = 368793 + 471104. Is k composite?
False
Let s be (-16 - -15)*(-2 + 2)/3. Suppose s = 59*h - 63*h + 3508. Is h prime?
True
Is (-12)/27 - (-139351457)/207 prime?
False
Let n = 296307 + -143101. Is n composite?
True
Suppose 0 = -6*x - 0*x + x + 710035. Is x composite?
False
Let a = -727 + 725. Is (0 - a) + (-2682)/(-2) a prime number?
False
Suppose 0 = v + j - 925, 3*j = -j + 8. Let t = v - 3599. Is ((-3)/(-6))/((-6)/t) prime?
True
Suppose -3*a + 2 + 4 = 0. Let w(o) = 2802*o + 19. Is w(a) prime?
True
Let m = 2331 - 1260. Let t be ((-34)/3)/((-34)/m). Suppose -6*j = -3*j - t. Is j prime?
False
Let x = 31 - 12. Let i = x + -17. Suppose 267 = 2*k + k - 3*d, 5*k = i*d + 457. Is k a prime number?
False
Let n = 1006 - 348. Let b = 128 - n. Let m = b + 1159. Is m prime?
False
Let b(g) = g + 377. Let s = -53 - -56. Suppose -2*l - s*l = 0. Is b(l) composite?
True
Suppose -2*h - 2*h + 4128 = 0. Let g(b) = -b**2 - b + 163. Let x be g(18). Let n = x + h. Is n a composite number?
False
Suppose -79*g - 372067 + 2907888 = 0. Is g a prime number?
True
Suppose 1275 = 41*x - 242. Suppose 293942 = x*u - 226167. Is u a prime number?
True
Let w(h) = -h - 2. Let v be w(-5). Suppose 55188 = 3*a + v*t, -a + 4*t = -9596 - 8815. Is a composite?
True
Let w be (-7)/(42/51516) - -1. Let h = 14572 + w. Is h composite?
False
Suppose -496*a + 5*f + 88924 = -492*a, 0 = 3*a + f - 66674. Is a composite?
True
Suppose 13*i + 6*i + 19 = 0. Let k(q) = 1850*q**2 - 8*q - 9. Is k(i) prime?
False
Suppose 59*l - 7464681 